{"id":16,"date":"2024-01-24T22:08:42","date_gmt":"2024-01-24T21:08:42","guid":{"rendered":"http:\/\/phil-ea.fr\/?page_id=16"},"modified":"2025-01-29T12:17:21","modified_gmt":"2025-01-29T11:17:21","slug":"bulletins","status":"publish","type":"page","link":"https:\/\/phil-ea.fr\/index.php\/bulletins\/","title":{"rendered":"Bulletins"},"content":{"rendered":"\n<p>BULLETIN N\u00b093 \u2013 DECEMBRE 2024<\/p>\n\n\n\n<figure data-wp-context=\"{&quot;imageId&quot;:&quot;69deb443055e3&quot;}\" data-wp-interactive=\"core\/image\" data-wp-key=\"69deb443055e3\" class=\"wp-block-image size-large wp-lightbox-container\"><img loading=\"lazy\" decoding=\"async\" width=\"1024\" height=\"721\" data-wp-class--hide=\"state.isContentHidden\" data-wp-class--show=\"state.isContentVisible\" data-wp-init=\"callbacks.setButtonStyles\" data-wp-on--click=\"actions.showLightbox\" data-wp-on--load=\"callbacks.setButtonStyles\" data-wp-on-window--resize=\"callbacks.setButtonStyles\" src=\"https:\/\/phil-ea.fr\/wp-content\/uploads\/2025\/01\/93-1024x721.jpg\" alt=\"\" class=\"wp-image-979\" style=\"object-fit:cover\" srcset=\"https:\/\/phil-ea.fr\/wp-content\/uploads\/2025\/01\/93-1024x721.jpg 1024w, https:\/\/phil-ea.fr\/wp-content\/uploads\/2025\/01\/93-300x211.jpg 300w, https:\/\/phil-ea.fr\/wp-content\/uploads\/2025\/01\/93-768x540.jpg 768w, https:\/\/phil-ea.fr\/wp-content\/uploads\/2025\/01\/93-1536x1081.jpg 1536w, https:\/\/phil-ea.fr\/wp-content\/uploads\/2025\/01\/93-2048x1441.jpg 2048w, https:\/\/phil-ea.fr\/wp-content\/uploads\/2025\/01\/93-1200x844.jpg 1200w, https:\/\/phil-ea.fr\/wp-content\/uploads\/2025\/01\/93-1980x1393.jpg 1980w\" sizes=\"auto, (max-width: 1024px) 100vw, 1024px\" \/><button\n\t\t\tclass=\"lightbox-trigger\"\n\t\t\ttype=\"button\"\n\t\t\taria-haspopup=\"dialog\"\n\t\t\taria-label=\"Agrandir\"\n\t\t\tdata-wp-init=\"callbacks.initTriggerButton\"\n\t\t\tdata-wp-on--click=\"actions.showLightbox\"\n\t\t\tdata-wp-style--right=\"state.imageButtonRight\"\n\t\t\tdata-wp-style--top=\"state.imageButtonTop\"\n\t\t>\n\t\t\t<svg xmlns=\"http:\/\/www.w3.org\/2000\/svg\" width=\"12\" height=\"12\" fill=\"none\" viewBox=\"0 0 12 12\">\n\t\t\t\t<path fill=\"#fff\" d=\"M2 0a2 2 0 0 0-2 2v2h1.5V2a.5.5 0 0 1 .5-.5h2V0H2Zm2 10.5H2a.5.5 0 0 1-.5-.5V8H0v2a2 2 0 0 0 2 2h2v-1.5ZM8 12v-1.5h2a.5.5 0 0 0 .5-.5V8H12v2a2 2 0 0 1-2 2H8Zm2-12a2 2 0 0 1 2 2v2h-1.5V2a.5.5 0 0 0-.5-.5H8V0h2Z\" \/>\n\t\t\t<\/svg>\n\t\t<\/button><\/figure>\n\n\n\n<p>BULLETIN N\u00b092 \u2013 JUILLET 2024<\/p>\n\n\n\n<figure data-wp-context=\"{&quot;imageId&quot;:&quot;69deb44305cb1&quot;}\" data-wp-interactive=\"core\/image\" data-wp-key=\"69deb44305cb1\" class=\"wp-block-image size-large wp-lightbox-container\"><img loading=\"lazy\" decoding=\"async\" width=\"1024\" height=\"720\" data-wp-class--hide=\"state.isContentHidden\" data-wp-class--show=\"state.isContentVisible\" data-wp-init=\"callbacks.setButtonStyles\" data-wp-on--click=\"actions.showLightbox\" data-wp-on--load=\"callbacks.setButtonStyles\" data-wp-on-window--resize=\"callbacks.setButtonStyles\" src=\"https:\/\/phil-ea.fr\/wp-content\/uploads\/2025\/01\/92-1024x720.jpg\" alt=\"\" class=\"wp-image-977\" style=\"object-fit:cover\" srcset=\"https:\/\/phil-ea.fr\/wp-content\/uploads\/2025\/01\/92-1024x720.jpg 1024w, https:\/\/phil-ea.fr\/wp-content\/uploads\/2025\/01\/92-300x211.jpg 300w, https:\/\/phil-ea.fr\/wp-content\/uploads\/2025\/01\/92-768x540.jpg 768w, https:\/\/phil-ea.fr\/wp-content\/uploads\/2025\/01\/92-1536x1080.jpg 1536w, https:\/\/phil-ea.fr\/wp-content\/uploads\/2025\/01\/92-2048x1439.jpg 2048w, https:\/\/phil-ea.fr\/wp-content\/uploads\/2025\/01\/92-1200x843.jpg 1200w, https:\/\/phil-ea.fr\/wp-content\/uploads\/2025\/01\/92-1980x1392.jpg 1980w\" sizes=\"auto, (max-width: 1024px) 100vw, 1024px\" \/><button\n\t\t\tclass=\"lightbox-trigger\"\n\t\t\ttype=\"button\"\n\t\t\taria-haspopup=\"dialog\"\n\t\t\taria-label=\"Agrandir\"\n\t\t\tdata-wp-init=\"callbacks.initTriggerButton\"\n\t\t\tdata-wp-on--click=\"actions.showLightbox\"\n\t\t\tdata-wp-style--right=\"state.imageButtonRight\"\n\t\t\tdata-wp-style--top=\"state.imageButtonTop\"\n\t\t>\n\t\t\t<svg xmlns=\"http:\/\/www.w3.org\/2000\/svg\" width=\"12\" height=\"12\" fill=\"none\" viewBox=\"0 0 12 12\">\n\t\t\t\t<path fill=\"#fff\" d=\"M2 0a2 2 0 0 0-2 2v2h1.5V2a.5.5 0 0 1 .5-.5h2V0H2Zm2 10.5H2a.5.5 0 0 1-.5-.5V8H0v2a2 2 0 0 0 2 2h2v-1.5ZM8 12v-1.5h2a.5.5 0 0 0 .5-.5V8H12v2a2 2 0 0 1-2 2H8Zm2-12a2 2 0 0 1 2 2v2h-1.5V2a.5.5 0 0 0-.5-.5H8V0h2Z\" \/>\n\t\t\t<\/svg>\n\t\t<\/button><\/figure>\n\n\n\n<p>BULLETIN N\u00b091 \u2013 JUILLET 2023<\/p>\n\n\n\n<figure data-wp-context=\"{&quot;imageId&quot;:&quot;69deb44306163&quot;}\" data-wp-interactive=\"core\/image\" data-wp-key=\"69deb44306163\" class=\"wp-block-image size-large wp-lightbox-container\"><img loading=\"lazy\" decoding=\"async\" width=\"1024\" height=\"720\" data-wp-class--hide=\"state.isContentHidden\" data-wp-class--show=\"state.isContentVisible\" data-wp-init=\"callbacks.setButtonStyles\" data-wp-on--click=\"actions.showLightbox\" data-wp-on--load=\"callbacks.setButtonStyles\" data-wp-on-window--resize=\"callbacks.setButtonStyles\" src=\"https:\/\/phil-ea.fr\/wp-content\/uploads\/2024\/01\/91-1024x720.jpg\" alt=\"\" class=\"wp-image-189\" style=\"object-fit:cover\" srcset=\"https:\/\/phil-ea.fr\/wp-content\/uploads\/2024\/01\/91-1024x720.jpg 1024w, https:\/\/phil-ea.fr\/wp-content\/uploads\/2024\/01\/91-300x211.jpg 300w, https:\/\/phil-ea.fr\/wp-content\/uploads\/2024\/01\/91-768x540.jpg 768w, https:\/\/phil-ea.fr\/wp-content\/uploads\/2024\/01\/91-1536x1080.jpg 1536w, https:\/\/phil-ea.fr\/wp-content\/uploads\/2024\/01\/91-1200x844.jpg 1200w, https:\/\/phil-ea.fr\/wp-content\/uploads\/2024\/01\/91.jpg 1664w\" sizes=\"auto, (max-width: 1024px) 100vw, 1024px\" \/><button\n\t\t\tclass=\"lightbox-trigger\"\n\t\t\ttype=\"button\"\n\t\t\taria-haspopup=\"dialog\"\n\t\t\taria-label=\"Agrandir\"\n\t\t\tdata-wp-init=\"callbacks.initTriggerButton\"\n\t\t\tdata-wp-on--click=\"actions.showLightbox\"\n\t\t\tdata-wp-style--right=\"state.imageButtonRight\"\n\t\t\tdata-wp-style--top=\"state.imageButtonTop\"\n\t\t>\n\t\t\t<svg xmlns=\"http:\/\/www.w3.org\/2000\/svg\" width=\"12\" height=\"12\" fill=\"none\" viewBox=\"0 0 12 12\">\n\t\t\t\t<path fill=\"#fff\" d=\"M2 0a2 2 0 0 0-2 2v2h1.5V2a.5.5 0 0 1 .5-.5h2V0H2Zm2 10.5H2a.5.5 0 0 1-.5-.5V8H0v2a2 2 0 0 0 2 2h2v-1.5ZM8 12v-1.5h2a.5.5 0 0 0 .5-.5V8H12v2a2 2 0 0 1-2 2H8Zm2-12a2 2 0 0 1 2 2v2h-1.5V2a.5.5 0 0 0-.5-.5H8V0h2Z\" \/>\n\t\t\t<\/svg>\n\t\t<\/button><\/figure>\n\n\n\n<p>BULLETIN N\u00b090 \u2013 DECEMBRE 2022<\/p>\n\n\n\n<figure data-wp-context=\"{&quot;imageId&quot;:&quot;69deb443065cc&quot;}\" data-wp-interactive=\"core\/image\" data-wp-key=\"69deb443065cc\" class=\"wp-block-image size-full wp-lightbox-container\"><img loading=\"lazy\" decoding=\"async\" width=\"1661\" height=\"1170\" data-wp-class--hide=\"state.isContentHidden\" data-wp-class--show=\"state.isContentVisible\" data-wp-init=\"callbacks.setButtonStyles\" data-wp-on--click=\"actions.showLightbox\" data-wp-on--load=\"callbacks.setButtonStyles\" data-wp-on-window--resize=\"callbacks.setButtonStyles\" src=\"https:\/\/phil-ea.fr\/wp-content\/uploads\/2024\/01\/90.jpg\" alt=\"\" class=\"wp-image-192\" srcset=\"https:\/\/phil-ea.fr\/wp-content\/uploads\/2024\/01\/90.jpg 1661w, https:\/\/phil-ea.fr\/wp-content\/uploads\/2024\/01\/90-300x211.jpg 300w, https:\/\/phil-ea.fr\/wp-content\/uploads\/2024\/01\/90-1024x721.jpg 1024w, https:\/\/phil-ea.fr\/wp-content\/uploads\/2024\/01\/90-768x541.jpg 768w, https:\/\/phil-ea.fr\/wp-content\/uploads\/2024\/01\/90-1536x1082.jpg 1536w, https:\/\/phil-ea.fr\/wp-content\/uploads\/2024\/01\/90-1200x845.jpg 1200w\" sizes=\"auto, (max-width: 1661px) 100vw, 1661px\" \/><button\n\t\t\tclass=\"lightbox-trigger\"\n\t\t\ttype=\"button\"\n\t\t\taria-haspopup=\"dialog\"\n\t\t\taria-label=\"Agrandir\"\n\t\t\tdata-wp-init=\"callbacks.initTriggerButton\"\n\t\t\tdata-wp-on--click=\"actions.showLightbox\"\n\t\t\tdata-wp-style--right=\"state.imageButtonRight\"\n\t\t\tdata-wp-style--top=\"state.imageButtonTop\"\n\t\t>\n\t\t\t<svg xmlns=\"http:\/\/www.w3.org\/2000\/svg\" width=\"12\" height=\"12\" fill=\"none\" viewBox=\"0 0 12 12\">\n\t\t\t\t<path fill=\"#fff\" d=\"M2 0a2 2 0 0 0-2 2v2h1.5V2a.5.5 0 0 1 .5-.5h2V0H2Zm2 10.5H2a.5.5 0 0 1-.5-.5V8H0v2a2 2 0 0 0 2 2h2v-1.5ZM8 12v-1.5h2a.5.5 0 0 0 .5-.5V8H12v2a2 2 0 0 1-2 2H8Zm2-12a2 2 0 0 1 2 2v2h-1.5V2a.5.5 0 0 0-.5-.5H8V0h2Z\" \/>\n\t\t\t<\/svg>\n\t\t<\/button><\/figure>\n\n\n\n<p>BULLETIN N\u00b089 \u2013 JUIN 2022<\/p>\n\n\n\n<figure data-wp-context=\"{&quot;imageId&quot;:&quot;69deb44306a05&quot;}\" data-wp-interactive=\"core\/image\" data-wp-key=\"69deb44306a05\" class=\"wp-block-image size-full wp-lightbox-container\"><img loading=\"lazy\" decoding=\"async\" width=\"2560\" height=\"1777\" data-wp-class--hide=\"state.isContentHidden\" data-wp-class--show=\"state.isContentVisible\" data-wp-init=\"callbacks.setButtonStyles\" data-wp-on--click=\"actions.showLightbox\" data-wp-on--load=\"callbacks.setButtonStyles\" data-wp-on-window--resize=\"callbacks.setButtonStyles\" src=\"https:\/\/phil-ea.fr\/wp-content\/uploads\/2024\/01\/89-scaled.jpg\" alt=\"\" class=\"wp-image-194\" srcset=\"https:\/\/phil-ea.fr\/wp-content\/uploads\/2024\/01\/89-scaled.jpg 2560w, https:\/\/phil-ea.fr\/wp-content\/uploads\/2024\/01\/89-300x208.jpg 300w, https:\/\/phil-ea.fr\/wp-content\/uploads\/2024\/01\/89-1024x711.jpg 1024w, https:\/\/phil-ea.fr\/wp-content\/uploads\/2024\/01\/89-768x533.jpg 768w, https:\/\/phil-ea.fr\/wp-content\/uploads\/2024\/01\/89-1536x1066.jpg 1536w, https:\/\/phil-ea.fr\/wp-content\/uploads\/2024\/01\/89-2048x1422.jpg 2048w, https:\/\/phil-ea.fr\/wp-content\/uploads\/2024\/01\/89-1200x833.jpg 1200w, https:\/\/phil-ea.fr\/wp-content\/uploads\/2024\/01\/89-1980x1375.jpg 1980w\" sizes=\"auto, (max-width: 2560px) 100vw, 2560px\" \/><button\n\t\t\tclass=\"lightbox-trigger\"\n\t\t\ttype=\"button\"\n\t\t\taria-haspopup=\"dialog\"\n\t\t\taria-label=\"Agrandir\"\n\t\t\tdata-wp-init=\"callbacks.initTriggerButton\"\n\t\t\tdata-wp-on--click=\"actions.showLightbox\"\n\t\t\tdata-wp-style--right=\"state.imageButtonRight\"\n\t\t\tdata-wp-style--top=\"state.imageButtonTop\"\n\t\t>\n\t\t\t<svg xmlns=\"http:\/\/www.w3.org\/2000\/svg\" width=\"12\" height=\"12\" fill=\"none\" viewBox=\"0 0 12 12\">\n\t\t\t\t<path fill=\"#fff\" d=\"M2 0a2 2 0 0 0-2 2v2h1.5V2a.5.5 0 0 1 .5-.5h2V0H2Zm2 10.5H2a.5.5 0 0 1-.5-.5V8H0v2a2 2 0 0 0 2 2h2v-1.5ZM8 12v-1.5h2a.5.5 0 0 0 .5-.5V8H12v2a2 2 0 0 1-2 2H8Zm2-12a2 2 0 0 1 2 2v2h-1.5V2a.5.5 0 0 0-.5-.5H8V0h2Z\" \/>\n\t\t\t<\/svg>\n\t\t<\/button><\/figure>\n\n\n\n<p>BULLETIN N\u00b088 \u2013 DECEMBRE 2021<\/p>\n\n\n\n<figure data-wp-context=\"{&quot;imageId&quot;:&quot;69deb44307358&quot;}\" data-wp-interactive=\"core\/image\" data-wp-key=\"69deb44307358\" class=\"wp-block-image size-full wp-lightbox-container\"><img loading=\"lazy\" decoding=\"async\" width=\"2560\" height=\"1802\" data-wp-class--hide=\"state.isContentHidden\" data-wp-class--show=\"state.isContentVisible\" data-wp-init=\"callbacks.setButtonStyles\" data-wp-on--click=\"actions.showLightbox\" data-wp-on--load=\"callbacks.setButtonStyles\" data-wp-on-window--resize=\"callbacks.setButtonStyles\" src=\"https:\/\/phil-ea.fr\/wp-content\/uploads\/2024\/01\/88-scaled.jpg\" alt=\"\" class=\"wp-image-196\" srcset=\"https:\/\/phil-ea.fr\/wp-content\/uploads\/2024\/01\/88-scaled.jpg 2560w, https:\/\/phil-ea.fr\/wp-content\/uploads\/2024\/01\/88-300x211.jpg 300w, https:\/\/phil-ea.fr\/wp-content\/uploads\/2024\/01\/88-1024x721.jpg 1024w, https:\/\/phil-ea.fr\/wp-content\/uploads\/2024\/01\/88-768x541.jpg 768w, https:\/\/phil-ea.fr\/wp-content\/uploads\/2024\/01\/88-1536x1081.jpg 1536w, https:\/\/phil-ea.fr\/wp-content\/uploads\/2024\/01\/88-2048x1441.jpg 2048w, https:\/\/phil-ea.fr\/wp-content\/uploads\/2024\/01\/88-1200x845.jpg 1200w, https:\/\/phil-ea.fr\/wp-content\/uploads\/2024\/01\/88-1980x1394.jpg 1980w\" sizes=\"auto, (max-width: 2560px) 100vw, 2560px\" \/><button\n\t\t\tclass=\"lightbox-trigger\"\n\t\t\ttype=\"button\"\n\t\t\taria-haspopup=\"dialog\"\n\t\t\taria-label=\"Agrandir\"\n\t\t\tdata-wp-init=\"callbacks.initTriggerButton\"\n\t\t\tdata-wp-on--click=\"actions.showLightbox\"\n\t\t\tdata-wp-style--right=\"state.imageButtonRight\"\n\t\t\tdata-wp-style--top=\"state.imageButtonTop\"\n\t\t>\n\t\t\t<svg xmlns=\"http:\/\/www.w3.org\/2000\/svg\" width=\"12\" height=\"12\" fill=\"none\" viewBox=\"0 0 12 12\">\n\t\t\t\t<path fill=\"#fff\" d=\"M2 0a2 2 0 0 0-2 2v2h1.5V2a.5.5 0 0 1 .5-.5h2V0H2Zm2 10.5H2a.5.5 0 0 1-.5-.5V8H0v2a2 2 0 0 0 2 2h2v-1.5ZM8 12v-1.5h2a.5.5 0 0 0 .5-.5V8H12v2a2 2 0 0 1-2 2H8Zm2-12a2 2 0 0 1 2 2v2h-1.5V2a.5.5 0 0 0-.5-.5H8V0h2Z\" \/>\n\t\t\t<\/svg>\n\t\t<\/button><\/figure>\n\n\n\n<p>Les bulletins sont disponibles \u00e0 l&rsquo;achat au tarif de 7\u20ac l\u2019unit\u00e9. La commande est \u00e0 adresser au Secr\u00e9taire.<\/p>\n\n\n\n<p>Mail : <a href=\"mailto:secretaire@phil-ea.fr\">secretaire@phil-ea.fr<\/a><\/p>\n","protected":false},"excerpt":{"rendered":"<p>BULLETIN N\u00b093 \u2013 DECEMBRE 2024 BULLETIN N\u00b092 \u2013 JUILLET 2024 BULLETIN N\u00b091 \u2013 JUILLET 2023 BULLETIN N\u00b090 \u2013 DECEMBRE 2022 BULLETIN N\u00b089 \u2013 JUIN 2022 BULLETIN N\u00b088 \u2013 DECEMBRE 2021 Les bulletins sont disponibles \u00e0 l&rsquo;achat au tarif de 7\u20ac l\u2019unit\u00e9. La commande est \u00e0 adresser au Secr\u00e9taire. Mail : secretaire@phil-ea.fr<\/p>\n","protected":false},"author":1,"featured_media":0,"parent":0,"menu_order":4,"comment_status":"closed","ping_status":"closed","template":"","meta":{"footnotes":""},"class_list":["post-16","page","type-page","status-publish","hentry"],"_links":{"self":[{"href":"https:\/\/phil-ea.fr\/index.php\/wp-json\/wp\/v2\/pages\/16","targetHints":{"allow":["GET"]}}],"collection":[{"href":"https:\/\/phil-ea.fr\/index.php\/wp-json\/wp\/v2\/pages"}],"about":[{"href":"https:\/\/phil-ea.fr\/index.php\/wp-json\/wp\/v2\/types\/page"}],"author":[{"embeddable":true,"href":"https:\/\/phil-ea.fr\/index.php\/wp-json\/wp\/v2\/users\/1"}],"replies":[{"embeddable":true,"href":"https:\/\/phil-ea.fr\/index.php\/wp-json\/wp\/v2\/comments?post=16"}],"version-history":[{"count":12,"href":"https:\/\/phil-ea.fr\/index.php\/wp-json\/wp\/v2\/pages\/16\/revisions"}],"predecessor-version":[{"id":980,"href":"https:\/\/phil-ea.fr\/index.php\/wp-json\/wp\/v2\/pages\/16\/revisions\/980"}],"wp:attachment":[{"href":"https:\/\/phil-ea.fr\/index.php\/wp-json\/wp\/v2\/media?parent=16"}],"curies":[{"name":"wp","href":"https:\/\/api.w.org\/{rel}","templated":true}]}}